t is the greatest common factor of j and z?
10
Let d be 0 + (3 - 5) + 233. What is the highest common divisor of d and 21?
21
Let a(q) = 3*q**2 + 0 - 1 - 1 + q + 0. Let f be a(-2). Calculate the greatest common divisor of f and 24.
8
Let x be ((-5)/(-15))/(4/144). What is the greatest common factor of x and 20?
4
Let m = 99 + -43. What is the highest common factor of 7 and m?
7
Let g(d) = -3*d - 1. Let r be g(-1). Let v = 3 + r. Suppose -2*u + v*u - 512 = -4*p, -2*u + 5*p = -326. Calculate the greatest common factor of u and 21.
21
Let m = 168 - 68. What is the highest common divisor of 20 and m?
20
Let k(a) = -a**2 - 9*a + 6. Let c be k(-5). What is the greatest common divisor of c and 234?
26
Suppose 464 = 5*a - 61. What is the greatest common divisor of 21 and a?
21
Suppose 0*m + 13 = m. Let j = m - -11. Let y = 1 - -2. Calculate the greatest common factor of j and y.
3
Let t = 11 + -8. Suppose 12 = z - 2*g, -t*g - 20 = -3*z + 7. Let y(d) = d**3 - 4*d**2 - 5*d + 2. Let f be y(z). What is the greatest common factor of 11 and f?
11
Let c be (36/(-10))/(2 - (-46)/(-20)). Let w be (12/(-3))/(1 - 2). Calculate the greatest common factor of w and c.
4
Let w = 23 + 12. What is the greatest common divisor of 245 and w?
35
Let b(p) = p**2 + p + 10. Let f be b(-10). Suppose 4*g = -3*c - 2*c + f, -4*c = g - 80. Calculate the greatest common divisor of c and 10.
10
Let f = 382 + -261. Calculate the highest common factor of 11 and f.
11
Let w(x) = 3*x**2 + 2*x + 2. Let a be w(-3). Calculate the highest common divisor of a and 115.
23
Let x(t) = t**3 - 4*t**2 + 3*t - 13. Let y be x(6). What is the highest common factor of y and 11?
11
Let p(k) = -7*k + 7. Let z be p(-5). Suppose 1 = -4*u + 9. Let c be (-5)/(5/u) + 16. What is the highest common factor of c and z?
14
Let z(p) = -p**2 + 9*p + 6. Let d be z(9). Suppose 4*y - 78 = -402. Let c = -27 - y. Calculate the highest common divisor of c and d.
6
Suppose -2*l = 5*s - 10, 3*s + 2*l - 3*l - 17 = 0. What is the greatest common factor of s and 10?
2
Let b = 39 - -49. What is the highest common divisor of b and 8?
8
Suppose 369 = 3*p - 2*l, -p - l + 44 = -79. Let i = 222 - p. What is the greatest common divisor of 9 and i?
9
Suppose 2468 = 7*u + 389. What is the greatest common divisor of u and 11?
11
Let u = -7 - -29. Let j = -12 + u. Let v = -2 + 6. Calculate the greatest common divisor of v and j.
2
Let z be 49*(2 + -1) - (0 + -2). Calculate the highest common factor of z and 34.
17
Let i be (360/70)/((-2)/(-21)). What is the greatest common divisor of i and 12?
6
Suppose 0 = 3*u - u + 12. Let n be 59/3 + (-2)/u. Suppose -2*k + 40 = 2*k. What is the greatest common factor of k and n?
10
Let k = 20 - 14. Let j be k/27 + 58/(-18). Let r(w) = -7*w. Let x be r(j). Calculate the highest common factor of x and 7.
7
Suppose -3*z - 30 = -2*f, -3*z = f + 3*f + 12. Let d = 6 + z. Let x(m) = -2*m**3 - 3*m**2 - 3*m. Let k be x(d). What is the highest common factor of k and 10?
10
Suppose -4*u + 1 = -r - 2, -6 = 2*u + 2*r. Suppose 3*k - 27 - 9 = u. Let v be (2 - 2) + (-120)/(-4). Calculate the highest common divisor of v and k.
6
Let z = 15 + -9. Let f be -1*(2/(-1) + -3). Suppose f*g = 10 + 10. What is the highest common factor of z and g?
2
Suppose -3*q - 11 = -17. Calculate the greatest common divisor of q and 8.
2
Let o(d) = -d**3 - 7*d**2 + 5*d - 4. Let p be o(-8). Calculate the highest common factor of 100 and p.
20
Let g(v) = -v + 4. Let m be g(3). Let b = m + 1. Calculate the highest common divisor of b and 14.
2
Let g = 21 + -19. Suppose 0 = g*z + 2, z - 3*z = 5*b - 73. Calculate the highest common factor of 45 and b.
15
Let r = -13 - -21. Calculate the highest common divisor of 12 and r.
4
Suppose z + z + u = 7, -5*z - 3*u + 15 = 0. What is the greatest common divisor of z and 24?
6
Suppose 64 = 3*j + 13. Calculate the greatest common divisor of j and 17.
17
Let l = -1 - -2. Let y = 5 - 1. Suppose y*p + 18 = 2*p + 4*d, 10 = 2*d. Calculate the highest common factor of p and l.
1
Let u = -11 - -14. Suppose -u = -3*o + 99. Calculate the greatest common factor of o and 17.
17
Let m(i) = 2*i**2 + 25*i + 2. Let r be m(-13). Calculate the highest common divisor of 30 and r.
15
Suppose -d = -5, 2*o + 0*o = d + 5. Calculate the greatest common factor of 5 and o.
5
Suppose 0 = -2*s - 84 + 260. What is the highest common factor of s and 11?
11
Let g = 6 + -8. Suppose -3*q + 8 = -7. Let z be ((-4)/2)/(g/q). Calculate the highest common factor of z and 55.
5
Let f(c) = 24*c**2 - 1. Let o be f(-1). What is the highest common factor of 69 and o?
23
Let t be (36/(-10))/(18/120). Let h be 3/(-2)*16/t. What is the highest common factor of h and 1?
1
Let s = 20 - 6. Suppose -3*d - 4*b = -5*b - 2, -5*b = -3*d - 14. What is the greatest common divisor of s and d?
2
Let h be (2 + -3 + 2)*38. Suppose h = 3*p + 14. Calculate the highest common divisor of 8 and p.
8
Suppose -2*m - 2 = -8. Suppose 43 = m*p + 7. Suppose r - 3*n = -4*n + 26, -76 = -2*r + 4*n. Calculate the highest common divisor of p and r.
6
Let j(y) = 14*y - 6. Let z be j(4). What is the greatest common divisor of z and 20?
10
Suppose -3*i + 16 = -2*z, 10 = 2*i - 0*z - z. Let f be (-624)/(-9) - i/(-6). Calculate the highest common divisor of 14 and f.
14
Suppose c = 2*g + 10 + 21, g = -2. Let j = c - 5. Let s be j/(-6)*6*-5. Calculate the greatest common factor of 10 and s.
10
Let q = -911 + 645. Let g be -2 + (0/(-2) - q). Let n be (g/16)/((-6)/(-40)). What is the highest common factor of 10 and n?
10
Suppose 0 = -2*t + 322 + 414. What is the highest common factor of t and 46?
46
Let r be 50/(-15) - 1/(-3). Let x = r + 4. Let p(s) = s**2 - 9*s - 14. Let m be p(11). What is the greatest common divisor of x and m?
1
Let i(w) = w**2 + 9*w + 9. Let b be i(-8). Let j be 2/6*6/b. Suppose 1 = -t + j. Calculate the highest common divisor of t and 1.
1
Let h = -3 - -157. What is the greatest common factor of h and 14?
14
Let g be (-2)/(-5) + (-1008)/(-30) + -4. Let x be 1*(-1 - 0/1). Let r(u) = -6*u**3. Let w be r(x). What is the greatest common divisor of w and g?
6
Suppose 0 = -q - q + 364. Suppose -v = -3*v + q. Calculate the highest common divisor of v and 13.
13
Let a be (-145)/4*-1 - (-11)/(-44). Calculate the highest common divisor of 90 and a.
18
Let d be -3*(-12)/(-54)*-264. What is the greatest common factor of d and 22?
22
Let c(x) = 2*x**2 + 8*x + 1. Suppose 2*o + 1 = -27. Let f = o - -20. Let y be c(f). What is the highest common factor of y and 11?
11
Let r(m) = m**3 - 4*m**2 + m. Let o be r(4). Suppose 0 = -0*s + o*s + 4*j - 12, 2*j = -3*s + 10. What is the greatest common factor of s and 4?
4
Suppose -q + 5*q = 320. Suppose 0*u = 3*u - 3*h - 102, -58 = -2*u - 3*h. What is the highest common factor of u and q?
16
Let k = 65 + -47. What is the greatest common divisor of 36 and k?
18
Let w = -12 + 20. Let u = 56 + 8. What is the highest common factor of u and w?
8
Suppose 0 = -5*r + 7*r - 26. What is the highest common divisor of r and 13?
13
Let u = -41 + 68. What is the highest common factor of u and 3?
3
Let p be 75/27 + -3 - 83/(-9). What is the greatest common factor of p and 9?
9
Suppose 2*b - w - 6 + 2 = 0, 0 = -5*w + 10. Suppose -b*y + 129 = 3*h, 0 = -5*y - 0*h + 3*h + 255. What is the highest common factor of 6 and y?
6
Let b(f) = -f**3 - 2*f**2 + 2*f + 3. Let p be b(-3). Let h be (2*-53)/(-6 - -5). Suppose h = 4*w + 34. What is the highest common divisor of w and p?
6
Suppose -4*l + 21 = -7. Let b(c) = c**2 - 4*c - 4. Let m be b(5). What is the greatest common factor of l and m?
1
Suppose 3*b + 16 = -c, 5*b + 15 = -4*c - 0*c. Let l(p) = -9 - 4*p - 1 + p. Let z be l(b). Calculate the greatest common factor of z and 44.
11
Let q = 2 - -8. Let a(n) = 3*n + 7. Let p be a(6). What is the highest common factor of p and q?
5
Let t be (3 + (-183)/15)*-5. Calculate the greatest common factor of 506 and t.
46
Let w be 0 + (-2 - -1) + 1. Suppose 476 = -w*k + 4*k. What is the greatest common divisor of k and 17?
17
Suppose 0 = -2*g - 4*n + 58, 4*n + 42 + 15 = 3*g. What is the highest common divisor of g and 161?
23
Let z = -118 - -125. What is the highest common divisor of z and 49?
7
Let y be 2 + -453*(-2)/3. Suppose q - y = -q. Suppose -4*j + 68 = -q. Cal